{"id":2,"date":"2022-11-04T11:45:45","date_gmt":"2022-11-04T11:45:45","guid":{"rendered":"http:\/\/michalbaranski.pl\/?page_id=2"},"modified":"2022-11-26T08:08:53","modified_gmt":"2022-11-26T08:08:53","slug":"sample-page","status":"publish","type":"page","link":"https:\/\/michalbaranski.pl\/index.php\/sample-page\/","title":{"rendered":"O mnie"},"content":{"rendered":"\r\n<p>Nazywam si\u0119 Micha\u0142 Bara\u0144ski, jestem ksi\u0119dzem katolickim. Na mojej stronie chc\u0119 dzieli\u0107 si\u0119 moimi pasjami, kt\u00f3rymi s\u0105 g\u0142\u00f3wnie: duchowo\u015b\u0107, muzyka i podr\u00f3\u017ce. \u017bycz\u0119 pozytywnych wra\u017ce\u0144.<\/p>\r\n","protected":false},"excerpt":{"rendered":"<p>Nazywam si\u0119 Micha\u0142 Bara\u0144ski, jestem ksi\u0119dzem katolickim. Na mojej stronie chc\u0119 dzieli\u0107 si\u0119 moimi pasjami, kt\u00f3rymi s\u0105 g\u0142\u00f3wnie:&#8230;<\/p>\n","protected":false},"author":1,"featured_media":588,"parent":0,"menu_order":0,"comment_status":"closed","ping_status":"open","template":"","meta":{"footnotes":""},"class_list":["post-2","page","type-page","status-publish","has-post-thumbnail","hentry"],"_links":{"self":[{"href":"https:\/\/michalbaranski.pl\/index.php\/wp-json\/wp\/v2\/pages\/2","targetHints":{"allow":["GET"]}}],"collection":[{"href":"https:\/\/michalbaranski.pl\/index.php\/wp-json\/wp\/v2\/pages"}],"about":[{"href":"https:\/\/michalbaranski.pl\/index.php\/wp-json\/wp\/v2\/types\/page"}],"author":[{"embeddable":true,"href":"https:\/\/michalbaranski.pl\/index.php\/wp-json\/wp\/v2\/users\/1"}],"replies":[{"embeddable":true,"href":"https:\/\/michalbaranski.pl\/index.php\/wp-json\/wp\/v2\/comments?post=2"}],"version-history":[{"count":2,"href":"https:\/\/michalbaranski.pl\/index.php\/wp-json\/wp\/v2\/pages\/2\/revisions"}],"predecessor-version":[{"id":580,"href":"https:\/\/michalbaranski.pl\/index.php\/wp-json\/wp\/v2\/pages\/2\/revisions\/580"}],"wp:featuredmedia":[{"embeddable":true,"href":"https:\/\/michalbaranski.pl\/index.php\/wp-json\/wp\/v2\/media\/588"}],"wp:attachment":[{"href":"https:\/\/michalbaranski.pl\/index.php\/wp-json\/wp\/v2\/media?parent=2"}],"curies":[{"name":"wp","href":"https:\/\/api.w.org\/{rel}","templated":true}]}}